{"id":159,"date":"2015-06-03T07:37:58","date_gmt":"2015-06-03T07:37:58","guid":{"rendered":"http:\/\/www.feitlclub-fasslberg.at\/cms\/?page_id=159"},"modified":"2016-02-25T12:48:27","modified_gmt":"2016-02-25T12:48:27","slug":"impressum","status":"publish","type":"page","link":"http:\/\/www.feitlclub-fasslberg.at\/cms\/?page_id=159","title":{"rendered":"Impressum"},"content":{"rendered":"<p><span class=\"fs24 cf1 ff1\"><b><span class=\"imUl\">Offenlegung gem\u00e4\u00df \u00a7 25 Mediengesetz<br \/>\n<\/span><\/b><\/span><span class=\"fs16 cf1 ff1\"><br \/>\n<\/span><span class=\"fs16 cf2 ff1\"><b>Medieninhaber und Herausgeber:<\/b><\/span> <span class=\"fs16 ff1\"><span class=\"cf3\">Feitlclub Fasslberg<\/span><br \/>\n<\/span><span class=\"fs16 cf2 ff1\"><b>Anschrift:<\/b><\/span>\u00a0Kollerweg 1a, 8044 Weinitzen<span class=\"fs16 ff1\"><br \/>\n<b>Mobil:\u00a0<\/b>0664\/14 500 92<br \/>\n<span class=\"fs16 cf2 ff1\"><b>Ansprechperson:<\/b><\/span> <span class=\"ff1\"><span class=\"fs16 cf3\">Obmann\u00a0Manfred Krebs<\/span><\/span><br \/>\n<\/span><\/p>\n<p><strong>ZVR: <\/strong>986 932 669<span class=\"fs16 ff1\"><br \/>\n<\/span><span class=\"fs16 cf2 ff1\"><b>Sinn der Sache:<\/b><\/span> <span class=\"fs16 ff1\"><span class=\"cf3\">Private Homepage<\/span><\/span><\/p>\n<p><span class=\"fs16 cf2 ff1\"><b>Wir Berichten \u00fcber:\u00a0<\/b><\/span><span class=\"fs16 ff1\"><span class=\"cf3\">Pr\u00e4sentation des Feitlclub Fasslberg, mit seinen Mitgliedern, Veranstaltungen in text- und bildform.<\/span><\/span><\/p>\n<p><b class=\"fs16 cf1\">Rechtliche Hinweise:<\/b><\/p>\n<p><span class=\"fs16\">(1) <\/span><span class=\"imUl fs16 cf1\">Haftungsbeschr\u00e4nkung <\/span><\/p>\n<p><span style=\"text-decoration: underline;\"><span class=\"fs24\"><span class=\"cf3\">E<\/span><\/span><\/span><span class=\"ff1\"><span class=\"fs16\"><span style=\"text-decoration: underline;\">xterne Links:<\/span> <\/span><br \/>\n<span class=\"fs16\">Diese Website enth\u00e4lt Verkn\u00fcpfungen zu Websites Dritter (&#8222;externe Links&#8220;). Diese Websites unterliegen der Haftung der jeweiligen Betreiber. Der Anbieter hat bei der erstmaligen Verkn\u00fcpfung der externen Links die fremden Inhalte daraufhin \u00fcberpr\u00fcft, ob etwaige Rechtsverst\u00f6\u00dfe bestehen. Zu dem Zeitpunkt waren keine Rechtsverst\u00f6\u00dfe ersichtlich. Der Anbieter hat keinerlei Einfluss auf die aktuelle und zuk\u00fcnftige Gestaltung und auf die Inhalte der verkn\u00fcpften Seiten. Das Setzen von externen Links bedeutet nicht, dass sich der Anbieter die hinter dem Verweis oder Link liegenden Inhalte zu Eigen macht. Eine st\u00e4ndige Kontrolle dieser externen Links ist f\u00fcr den Anbieter ohne konkrete Hinweise auf Rechtsverst\u00f6\u00dfe nicht zumutbar. Bei Kenntnis von Rechtsverst\u00f6\u00dfen werden jedoch derartige externe Links unverz\u00fcglich gel\u00f6scht.<\/span><\/span><\/p>\n<p><span style=\"text-decoration: underline;\"><span class=\"fs24\"><span class=\"cf3\">W<\/span><\/span><\/span><span class=\"ff1\"><span class=\"fs16\"><span style=\"text-decoration: underline;\">erbeanzeigen:<\/span> <\/span><br \/>\n<span class=\"fs16\">F\u00fcr den Inhalt der Werbeanzeigen ist der jeweilige Autor verantwortlich, ebenso wie f\u00fcr den Inhalt der beworbenen Website. Die Darstellung der Werbeanzeige stellt keine Akzeptanz durch den Anbieter dar.<\/span><\/span><\/p>\n<p><span class=\"fs16\">(2)<\/span><span class=\"cf3\"><b class=\"fs24\"> <\/b>U<\/span><span class=\"imUl fs16 cf1\">rheberrecht<\/span><\/p>\n<p><span class=\"fs24\"><span class=\"cf3\">D<\/span><\/span><span class=\"fs16\">ie auf dieser Website ver\u00f6ffentlichten Inhalte und Werke sind urheberrechtlich gesch\u00fctzt. Jede vom Urheberrecht nicht zugelassene Verwertung bedarf der vorherigen schriftlichen Zustimmung des jeweiligen Autors oder Urhebers. Dies gilt insbesondere f\u00fcr Vervielf\u00e4ltigung, Bearbeitung, \u00dcbersetzung, Einspeicherung, Verarbeitung bzw. Wiedergabe von Inhalten in Datenbanken oder anderen elektronischen Medien und Systemen. Inhalte und Beitr\u00e4ge Dritter sind dabei als solche gekennzeichnet. Die unerlaubte Vervielf\u00e4ltigung oder Weitergabe einzelner Inhalte oder kompletter Seiten ist nicht gestattet und strafbar. Lediglich die Herstellung von Kopien und Downloads f\u00fcr den pers\u00f6nlichen, privaten und nicht kommerziellen Gebrauch ist erlaubt.<\/span><br \/>\n<span class=\"fs16\">Links zur Website des Anbieters sind jederzeit willkommen und bed\u00fcrfen keiner Zustimmung durch den Anbieter der Website. Die Darstellung dieser Website in fremden Frames ist nur mit Erlaubnis zul\u00e4ssig.<\/span><\/p>\n<p><span class=\"fs16\">(3)<\/span><b class=\"fs24 cf3\"> <\/b><span class=\"imUl\">A<span class=\"fs16 cf1\">nwendbares Recht<\/span><\/span><\/p>\n<p><span class=\"fs24\"><span class=\"cf3\">E<\/span><\/span><span class=\"fs16\">s gilt ausschlie\u00dflich das ma\u00dfgebliche Recht der Republik \u00d6sterreich.<\/span><\/p>\n<p><span class=\"fs16\">(4)<\/span><span class=\"fs24\"> <span class=\"cf3\"><span class=\"imUl\">B<\/span><\/span><\/span><span class=\"imUl fs16 cf1\">esondere Nutzungsbedingungen<\/span><\/p>\n<p><span class=\"fs24\"><span class=\"cf3\">S<\/span><\/span><span class=\"fs16\">oweit besondere Bedingungen f\u00fcr einzelne Nutzungen dieser Website von den vorgenannten Punkten (1) bis (3) abweichen, wird an entsprechender Stelle ausdr\u00fccklich darauf hingewiesen. In diesem Falle gelten im jeweiligen Einzelfall die besonderen Nutzungsbedingungen.<\/span><\/p>\n","protected":false},"excerpt":{"rendered":"<p>Offenlegung gem\u00e4\u00df \u00a7 25 Mediengesetz Medieninhaber und Herausgeber: Feitlclub Fasslberg Anschrift:\u00a0Kollerweg 1a, 8044 Weinitzen Mobil:\u00a00664\/14 500 92 Ansprechperson: Obmann\u00a0Manfred Krebs ZVR: 986 932 669 Sinn der Sache: Private Homepage Wir Berichten \u00fcber:\u00a0Pr\u00e4sentation des Feitlclub Fasslberg, mit seinen Mitgliedern, Veranstaltungen in text- und bildform. Rechtliche Hinweise: (1) Haftungsbeschr\u00e4nkung Externe Links: Diese Website enth\u00e4lt Verkn\u00fcpfungen zu Websites [&hellip;]<\/p>\n","protected":false},"author":1,"featured_media":0,"parent":0,"menu_order":0,"comment_status":"closed","ping_status":"open","template":"","meta":{"footnotes":""},"class_list":["post-159","page","type-page","status-publish","hentry"],"_links":{"self":[{"href":"http:\/\/www.feitlclub-fasslberg.at\/cms\/index.php?rest_route=\/wp\/v2\/pages\/159","targetHints":{"allow":["GET"]}}],"collection":[{"href":"http:\/\/www.feitlclub-fasslberg.at\/cms\/index.php?rest_route=\/wp\/v2\/pages"}],"about":[{"href":"http:\/\/www.feitlclub-fasslberg.at\/cms\/index.php?rest_route=\/wp\/v2\/types\/page"}],"author":[{"embeddable":true,"href":"http:\/\/www.feitlclub-fasslberg.at\/cms\/index.php?rest_route=\/wp\/v2\/users\/1"}],"replies":[{"embeddable":true,"href":"http:\/\/www.feitlclub-fasslberg.at\/cms\/index.php?rest_route=%2Fwp%2Fv2%2Fcomments&post=159"}],"version-history":[{"count":6,"href":"http:\/\/www.feitlclub-fasslberg.at\/cms\/index.php?rest_route=\/wp\/v2\/pages\/159\/revisions"}],"predecessor-version":[{"id":645,"href":"http:\/\/www.feitlclub-fasslberg.at\/cms\/index.php?rest_route=\/wp\/v2\/pages\/159\/revisions\/645"}],"wp:attachment":[{"href":"http:\/\/www.feitlclub-fasslberg.at\/cms\/index.php?rest_route=%2Fwp%2Fv2%2Fmedia&parent=159"}],"curies":[{"name":"wp","href":"https:\/\/api.w.org\/{rel}","templated":true}]}}